 factors of 1872324?
2, 3, 52009
List the prime factors of 3651108911.
1171, 3117941
List the prime factors of 3086371291.
3086371291
List the prime factors of 764385206.
2, 13, 29399431
List the prime factors of 391768311.
3, 11, 11871767
List the prime factors of 73235830.
2, 5, 17, 430799
List the prime factors of 1200861317.
17, 70638901
List the prime factors of 179906700.
2, 3, 5, 79, 7591
What are the prime factors of 104985449?
67, 139, 11273
List the prime factors of 149188716.
2, 3, 47, 97, 101
What are the prime factors of 1749328717?
33863, 51659
What are the prime factors of 1072053161?
23, 2333, 19979
What are the prime factors of 735890143?
659, 1116677
What are the prime factors of 113834397?
3, 17, 311, 7177
What are the prime factors of 622658567?
622658567
What are the prime factors of 329587879?
329587879
List the prime factors of 55494008.
2, 6936751
What are the prime factors of 13088491?
13, 37, 27211
What are the prime factors of 3247036?
2, 13, 41, 1523
What are the prime factors of 217907636?
2, 54476909
What are the prime factors of 61105231?
11, 5555021
List the prime factors of 110911242.
2, 3, 13, 31, 45869
List the prime factors of 656036169.
3, 218678723
List the prime factors of 97427682.
2, 3, 11, 492059
What are the prime factors of 6509554268?
2, 7, 103, 491, 4597
List the prime factors of 473286034.
2, 13, 809, 22501
List the prime factors of 11877050.
2, 5, 17, 89, 157
What are the prime factors of 1226134975?
5, 13, 307, 12289
List the prime factors of 601994803.
17, 19, 6449
List the prime factors of 3752022.
2, 3, 37, 16901
List the prime factors of 34831188.
2, 3, 7, 46073
List the prime factors of 88452224.
2, 7, 17, 5807
What are the prime factors of 104355428?
2, 149, 311, 563
List the prime factors of 52999766.
2, 26499883
What are the prime factors of 2574005910?
2, 3, 5, 7, 107, 114553
List the prime factors of 3832470916.
2, 53, 18077693
What are the prime factors of 2194336989?
3, 13, 18755017
What are the prime factors of 170420136?
2, 3, 7100839
What are the prime factors of 15911280?
2, 3, 5, 7, 11, 41
List the prime factors of 204946898.
2, 13, 853, 9241
List the prime factors of 315358202.
2, 149, 1058249
What are the prime factors of 890688?
2, 3, 4639
List the prime factors of 11484065.
5, 2296813
List the prime factors of 3199526998.
2, 1599763499
List the prime factors of 4795041602.
2, 13, 1193, 154589
List the prime factors of 1326505656.
2, 3, 7, 1127981
List the prime factors of 153115549.
17, 9006797
List the prime factors of 249278606.
2, 29, 41, 104827
What are the prime factors of 4235835142?
2, 7, 11, 43, 58151
What are the prime factors of 10906454?
2, 13, 577, 727
List the prime factors of 41753038.
2, 20876519
List the prime factors of 2371721541.
3, 7, 61, 661, 2801
What are the prime factors of 647861350?
2, 5, 1987, 6521
What are the prime factors of 139772273?
31, 37, 233, 523
List the prime factors of 72424457.
7, 10346351
What are the prime factors of 421135352?
2, 11, 4785629
What are the prime factors of 140076679?
59, 61, 38921
List the prime factors of 1156366926.
2, 3, 11, 13, 449249
List the prime factors of 3914884840.
2, 5, 61, 1604461
List the prime factors of 461954327.
211, 2189357
List the prime factors of 669526551.
3, 74391839
List the prime factors of 192661698.
2, 3, 32110283
List the prime factors of 18088506.
2, 3, 1004917
What are the prime factors of 119235997?
727, 164011
What are the prime factors of 11617711?
7, 1659673
List the prime factors of 136919052.
2, 3, 43, 29483
What are the prime factors of 1041873455?
5, 7, 19, 199, 7873
What are the prime factors of 583788421?
59, 197, 50227
What are the prime factors of 116353454?
2, 7, 19, 421, 1039
What are the prime factors of 256432019?
256432019
List the prime factors of 553539631.
601, 921031
List the prime factors of 163449415.
5, 113, 289291
List the prime factors of 3867724177.
3867724177
List the prime factors of 237762374.
2, 17, 31, 225581
What are the prime factors of 4746395364?
2, 3, 395532947
What are the prime factors of 29550020?
2, 5, 1477501
What are the prime factors of 426628831?
19, 29, 751, 1031
What are the prime factors of 418471623?
3, 53, 229, 1277
What are the prime factors of 2073559659?
3, 5441, 127033
What are the prime factors of 31831136?
2, 994723
List the prime factors of 436609504.
2, 17, 881, 911
What are the prime factors of 180180001?
139, 421, 3079
What are the prime factors of 148100604?
2, 3, 71, 173827
What are the prime factors of 83281600?
2, 5, 52051
List the prime factors of 1570049.
13, 23, 59, 89
What are the prime factors of 539595565?
5, 379, 284747
What are the prime factors of 53727371?
31, 1733141
List the prime factors of 6046915052.
2, 1511728763
List the prime factors of 23268934.
2, 13, 43, 1601
List the prime factors of 362379996.
2, 3, 11, 23, 3617
List the prime factors of 144923883.
3, 13, 59, 62983
List the prime factors of 37049333.
37049333
What are the prime factors of 3249577255?
5, 16267, 39953
List the prime factors of 88787228.
2, 19, 61487
What are the prime factors of 40967992?
2, 13, 43, 9161
What are the prime factors of 2088339515?
5, 59, 433, 16349
List the prime factors of 324427628.
2, 7, 53, 31231
What are the prime factors of 2176265288?
2, 272033161
What are the prime factors of 63304548?
2, 3, 67, 78737
List the prime factors of 142243012.
2, 17, 2091809
List the prime factors of 1009648654.
2, 7, 479, 150559
What are the prime factors of 91615112?
2, 19, 43, 107, 131
What are the prime factors of 26451171?
3, 211, 4643
List the prime factors of 33306882.
2, 3, 7, 37, 21433
List the prime factors of 1188357973.
11, 449, 240607
List the prime factors of 89429785.
5, 17885957
List the prime factors of 48971514.
2, 3, 1117, 7307
List the prime factors of 103932866.
2, 17, 59, 197, 263
List the prime factors of 387951172.
2, 7, 67, 227, 911
What are the prime factors of 2007113784?
2, 3, 13, 6433057
What are the prime factors of 73850806?
2, 36925403
What are the prime factors of 778313461?
307, 2535223
What are the prime factors of 5443549565?
5, 107, 113, 127, 709
What are the prime factors of 13784610?
2, 3, 5, 7, 41, 1601
List the prime factors of 818489830.
2, 5, 163, 502141
List the prime factors of 453015115.
5, 7, 53, 103, 2371
List the prime factors of 303512744.
2, 2753, 13781
What are the prime factors of 1929561492?
2, 3, 19, 8462989
What are the prime factors of 281564848?
2, 79, 337, 661
What are the prime factors of 1360529337?
3, 453509779
List the prime factors of 57207916.
2, 83, 172313
List the prime factors of 124719235.
5, 389, 64123
List the prime factors of 3246079546.
2, 43, 1663, 22697
List the prime factors of 36289314.
2, 3, 859, 2347
List the prime factors of 82531297.
82531297
What are the prime factors of 9477401192?
2, 7, 331, 511297
List the prime factors of 2920166.
2, 691, 2113
List the prime factors of 44134733.
151, 292283
What are the prime factors of 475124880?
2, 3, 5, 47, 73, 577
List the prime factors of 1000206.
2, 3, 181, 307
What are the prime factors of 167907044?
2, 89, 471649
What are the prime factors of 141219941?
61, 2315081
List the prime factors of 155704416.
2, 3, 7, 263, 881
What are the prime factors of 578974?
2, 11, 26317
What are the prime factors of 4762102680?
2, 3, 5, 13228063
What are the prime factors of 94279604?
2, 317, 74353
What are the prime factors of 5392982719?
5392982719
What are the prime factors of 466073696?
2, 11, 337, 3929
List the prime factors of 386965768.
2, 7, 6910103
List the prime factors of 51005062.
2, 379, 67289
List the prime factors of 688973211.
3, 23, 3328373
What are the prime factors of 372311011?
1019, 365369
List the prime factors of 6892588897.
467, 569, 25939
What are the prime factors of 451215612?
2, 3, 359, 34913
What are the prime factors of 1162156614?
2, 3, 29, 43, 155327
List the prime factors of 105468705.
3, 5, 47, 1061
What are the prime factors of 76330454?
2, 38165227
What are the prime factors of 562462271?
7, 37, 173, 12553
List the prime factors of 1639612011.
3, 19, 607, 47389
List the prime factors of 1092031699.
11, 31, 47, 61, 1117
What are the prime factors of 95395476?
2, 3, 11, 277, 2609
List the pr